*i - 9 = 0. Suppose -i*u - 2*u = -902. What is the units digit of u?
2
Let j = 918 + -636. Suppose -j = -4*t + 2*r, -2*r - 364 + 12 = -5*t. What is the units digit of t?
0
Let t be -14*(-2)/(-12)*-3. Let a(f) = 12*f - 26. What is the units digit of a(t)?
8
Let z = 68 + -66. Suppose -216 - 86 = -z*t. What is the tens digit of t?
5
Let m(f) be the third derivative of f**6/120 - f**5/10 + f**4/3 + f**3/2 - 9*f**2. What is the units digit of m(4)?
3
Suppose 8*r - 4*r - 16 = 0. Suppose 12 = r*l + 4. Suppose -4*d + 3*s = -l*s - 88, 110 = 5*d - 2*s. What is the units digit of d?
2
Let i be 33/12 - (-3)/(-4). Suppose -i*x = -131 + 47. What is the tens digit of x?
4
Let w(l) = 4*l**3 + 4*l**2 - 2*l - 1. Suppose 7*h - 12*h = -10. What is the tens digit of w(h)?
4
What is the hundreds digit of 10*6/(-12) + 157?
1
Suppose 0*i = 6*i. Suppose i = 4*j - 14 - 2. Suppose 2*z - 3*z - 4*f = -56, 184 = 4*z - j*f. What is the units digit of z?
8
Let f = -357 - -1057. What is the units digit of f?
0
Let s(f) = f**2 + 14*f + 16. Let u be s(-12). Let b = u + 11. Suppose b*d = -d + 108. What is the tens digit of d?
2
Suppose 18*f + 9 = 21*f. Suppose f*w - 4*j - 7 = 0, -4*w + 61 = -j + 6*j. What is the units digit of w?
9
Suppose -2*g - l = -5167, 0 = 6*g - g - 5*l - 12880. What is the tens digit of g?
8
What is the tens digit of (-4264)/(-13) - (-4 + -1)?
3
Suppose b = 19*b - 4788. What is the units digit of b?
6
Suppose -6*i + 2177 = -79. What is the tens digit of i?
7
What is the thousands digit of ((-25845)/(-10) + 6)/((-10)/(-20))?
5
Let q = -33 - -16. Suppose -t = -3*w + 4*t - 106, -5*t = -w - 32. Let v = q - w. What is the units digit of v?
0
Let q(y) = -5*y - 3. Let w be q(-3). Suppose 0 = -z + 4*z - w. Suppose -9 = -z*r + r. What is the units digit of r?
3
Let w(x) = x**2 - 11*x + 8. Let p be w(7). Suppose 3*m + m = -4*f - 132, 4*f = -m - 138. Let o = p - f. What is the tens digit of o?
1
Suppose 26*r - 669 = -253. What is the tens digit of r?
1
Suppose 5*g + 0*g = 4*p + 4289, 3*p - 1711 = -2*g. What is the hundreds digit of g?
8
Let d(b) = 20*b - 16. Let k(i) = -2*i + 23. Let n be k(10). What is the tens digit of d(n)?
4
Let r(j) = j**3 - 4*j**2 + 0*j**3 - 6 + 9*j + 15*j**2. Let f be r(-10). Suppose -a = l - 17, -5*a + f*l + 5 = -89. What is the tens digit of a?
1
Let l(k) = -k**3 + 7*k**2 + 4*k - 5. Let a(u) be the second derivative of -5*u**3/6 - u**2/2 + 2*u. Let s be a(-1). What is the units digit of l(s)?
9
Let q be 9 + 3/(-1) + 0. Let y(k) = k - 2. Let a be y(q). Suppose o + 27 = a*o. What is the units digit of o?
9
Let f = 1606 - 732. What is the hundreds digit of f?
8
Let x(f) = 5*f + 4. Let p be x(10). Suppose -d = -3*d + p. Suppose -3*o = v - 5*o - 3, 3*o - d = -2*v. What is the units digit of v?
9
Let v = -651 + 1538. What is the hundreds digit of v?
8
Suppose -3*l = 2*l - 15. Suppose -37 = -l*j + 20. What is the units digit of j?
9
Let u = -7 - 1. Let x = u + 10. Suppose 3*q = 44 - x. What is the tens digit of q?
1
Let o = 648 + -335. What is the tens digit of o?
1
Suppose -5*s + 340 = -5*n, -n = -3*s - 5*n + 225. What is the tens digit of s?
7
Let d(i) = -5*i + 258. What is the tens digit of d(0)?
5
Suppose 0 = -126*v + 129*v + u - 3335, u - 1115 = -v. What is the units digit of v?
0
Let o be ((-6)/(-24))/(2/8). Suppose -o - 4 = -5*j. What is the units digit of j?
1
Let m(a) = 15*a**3 - 7 - 16*a**3 - 7 - a + 8*a**2. What is the units digit of m(6)?
2
Let h = 47 + -43. What is the units digit of h - (-2)/((-4)/(-166))?
7
Suppose 0 = -g + 3*g + 2*k - 10, g + 2*k = 7. Suppose -3*v - 3*r + 100 = 7, -g*v + 98 = 2*r. What is the tens digit of v?
3
Let n be (-1)/(0 - (-3)/(-432)). Let q be (n/14)/(18/84). What is the tens digit of (14/21)/(2/q)?
1
Let b(y) = -2*y**3 - 25*y**2 - 51*y + 91. What is the tens digit of b(-17)?
5
Let s = 86 + -56. What is the units digit of -70*8/s*-3?
6
What is the tens digit of 3*191 - (-12 - -8)/(-2)?
7
Suppose 0 = 5*t - t. Suppose 3*f + t*f + 78 = 0. Let o = -3 - f. What is the tens digit of o?
2
Suppose 18 = 10*u - 32. Let p(f) = 3*f**2 + 32. What is the tens digit of p(u)?
0
Let o be (-1175)/(-15) + (-4)/(-6). Let k = 114 - o. Let s = k + -20. What is the tens digit of s?
1
Suppose -66*b - 10 = -71*b. Let v = b + 61. What is the tens digit of v?
6
Let g = -16 - -16. Suppose g = -12*o + 7*o + 800. Suppose 2*r + 4*c - 15 = r, -o = -5*r - 3*c. What is the tens digit of r?
3
Suppose 18*z + 24 = 6*z. What is the tens digit of (z + 1)*-3*(-1 + 54)?
5
Let l = 126 + 30. Let a = l - 30. What is the units digit of a?
6
Let p be -1*3 - 93/(-1). Suppose 6*x + 24 = p. What is the units digit of x?
1
What is the hundreds digit of -94*(12 + (13 - 32))?
6
Suppose 17*f + 1977 = 4850. What is the hundreds digit of f?
1
Suppose 3053 = -24*v + 25*v. What is the hundreds digit of v?
0
What is the thousands digit of -5*(-5 - (-4344)/(-15))?
1
What is the units digit of (11 - 11) + 2258*(-1)/(-2)?
9
Let m(r) = -r + 16. What is the units digit of m(12)?
4
Suppose -2*i - i + 3586 = 5*z, 4*z + i = 2873. What is the hundreds digit of z?
7
What is the hundreds digit of (8928/40)/(2/10)?
1
Let i(f) = 23*f - 4. Let w(u) = 275*u - 50. Let r(l) = 35*i(l) - 3*w(l). What is the units digit of r(-1)?
0
Suppose 36 = -29*g + 23*g. What is the units digit of (-759)/g - 6/(-4)?
8
Let x be 171/(-15) - 9/15. Let g = x + 79. What is the tens digit of g?
6
Suppose 3*s - 3*i - 1488 = 0, s - 6*i - 484 = -8*i. What is the tens digit of s?
9
Let j(f) = 6*f**2 - 3*f + 2. Let d be j(3). Let p = d + -38. What is the units digit of p?
9
Suppose 5*u + 0*h = -h - 82, -3*u + 2*h - 44 = 0. Let t = 33 + u. What is the tens digit of t?
1
Let f be (39/26)/(2/424). Suppose -3*w - 93 = -f. What is the tens digit of w?
7
Let v be (1 + -1)/((-3)/(-3)). Suppose -2*l = -v*l - 126. Suppose 5*i - 27 = l. What is the tens digit of i?
1
Suppose 0 = 3*s + 14*s - 31552. What is the hundreds digit of s?
8
Suppose -s + 927 = 175. What is the hundreds digit of s?
7
Suppose 2*v - 16 = -44. Let r = 6 + -36. Let l = v - r. What is the units digit of l?
6
Suppose g - 3468 = -5*u, 0 = -5*u + g + 2*g + 3476. Suppose 0 = -5*f - 2*o + 955, -4*f + u + 42 = -4*o. What is the hundreds digit of f?
1
Let h(x) = x**3 + x**2 - 4*x + 3. Let r be h(2). Suppose -r*d + 53 = -52. Let n(y) = 5*y - 6. What is the tens digit of n(d)?
6
What is the units digit of (-196104)/(-108) + ((-14)/18 - -1)?
6
Suppose -4*w + 0*w = 2*b - 12, -14 = -5*b - 2*w. Suppose -n = 4*r - 0*n - 3, 24 = b*r - 4*n. Suppose 41 = r*c + 5. What is the tens digit of c?
1
Let m(o) = o**2 + 16*o - 26. Let b be m(-18). What is the units digit of b/55 + 1228/22?
6
Let t be ((-3)/(-6))/((-6)/48). Let c be t/6 + 8/12. Suppose 3*n - 2*x - 157 = c, 206 = 5*n - n - x. What is the units digit of n?
1
Let a = 800 - 389. Suppose -2*v + 32 = 2. What is the tens digit of a/v - 4/10?
2
Let j be -4 - -5 - (-3 - 8). Suppose 8*h = 4*h + j. Suppose -2*q - h*q + 80 = 0. What is the tens digit of q?
1
Let r(n) = 13*n - 42. What is the units digit of r(5)?
3
What is the units digit of (-1003)/2*(-130 + 128)?
3
Let y be (-10)/(655/(-645) - -1). What is the tens digit of ((-4)/(-6))/(5/y)?
8
Let s(t) = 4*t + 1. Let n be s(-1). Let b = n + 4. What is the units digit of (-3 + b)*(-33)/6?
1
Suppose -5723 = -4*s + t, -10*s = -8*s - 5*t - 2875. What is the tens digit of s?
3
Let i = 75 - 73. Suppose 0 = 3*c - 9, 2*z - 13 = -4*c + 9. Suppose 3*r - z*b - 90 = 0, 4*r = -i*b + 4*b + 120. What is the units digit of r?
0
Suppose 4*u = -4*y - 0*y + 1692, 0 = 3*y + 9. What is the tens digit of u?
2
Let i(m) be the second derivative of m**3/6 + 3*m. Let n be i(-10). Let l = -9 - n. What is the units digit of l?
1
Let x be (252/(1 + -5))/(-1). Suppose 0*k - w = k - 21, -3*k - 5*w = -x. Suppose 7 = y - k. What is the units digit of y?
8
Let r = -2501 - -4346. What is the units digit of r?
5
Suppose 0*r - 5*r = 105. What is the tens digit of -1*(r - 2)/1?
2
Let t(u) = -u**3 + 5*u**2 + 8*u - 5. Let c(l) = -l**2 + 13*l - 16. Let a be c(11). Let p be t(a). Let h(d) = -d**2 + 10*d - 10. What is the units digit of h(p)?
1
What is the thousands digit of (2367/(-2))/((-48)/64)?
1
Suppose 0 = b + 2*u - 8, 2*b + 2*u = -2*b + 14. Let k be ((-15)/(-60))/(b/40). Suppose -k*w + 5 = -20, -13